442?
1
What is the hundreds digit of 2254?
2
What is the units digit of 28923?
3
What is the units digit of 51698?
8
What is the ten thousands digit of 59182?
5
What is the units digit of 8?
8
What is the ten thousands digit of 13992?
1
What is the hundreds digit of 2137?
1
What is the thousands digit of 126526?
6
What is the hundreds digit of 460?
4
What is the units digit of 519?
9
What is the ten thousands digit of 13796?
1
What is the units digit of 6889?
9
What is the thousands digit of 3531?
3
What is the thousands digit of 20564?
0
What is the hundreds digit of 693?
6
What is the thousands digit of 1157?
1
What is the units digit of 35534?
4
What is the hundreds digit of 662?
6
What is the ten thousands digit of 13503?
1
What is the hundreds digit of 6637?
6
What is the thousands digit of 12049?
2
What is the units digit of 19231?
1
What is the tens digit of 18964?
6
What is the hundreds digit of 909?
9
What is the tens digit of 908?
0
What is the units digit of 8099?
9
What is the thousands digit of 9835?
9
What is the ten thousands digit of 16644?
1
What is the tens digit of 914?
1
What is the units digit of 5926?
6
What is the hundreds digit of 1188?
1
What is the tens digit of 2512?
1
What is the hundreds digit of 2240?
2
What is the hundreds digit of 159?
1
What is the units digit of 718?
8
What is the hundreds digit of 958?
9
What is the hundreds digit of 981?
9
What is the thousands digit of 32026?
2
What is the ten thousands digit of 62739?
6
What is the thousands digit of 43015?
3
What is the units digit of 4397?
7
What is the tens digit of 13085?
8
What is the tens digit of 46355?
5
What is the hundreds digit of 165?
1
What is the hundreds digit of 7820?
8
What is the units digit of 5161?
1
What is the hundreds digit of 1927?
9
What is the hundreds digit of 95352?
3
What is the tens digit of 162?
6
What is the thousands digit of 10415?
0
What is the units digit of 8389?
9
What is the hundreds digit of 4070?
0
What is the units digit of 13143?
3
What is the tens digit of 1674?
7
What is the tens digit of 167285?
8
What is the units digit of 93?
3
What is the units digit of 76758?
8
What is the units digit of 7500?
0
What is the thousands digit of 8401?
8
What is the ten thousands digit of 44331?
4
What is the hundreds digit of 21125?
1
What is the units digit of 1186?
6
What is the tens digit of 5008?
0
What is the tens digit of 84577?
7
What is the thousands digit of 9870?
9
What is the tens digit of 6770?
7
What is the hundreds digit of 3765?
7
What is the hundreds digit of 142080?
0
What is the tens digit of 17940?
4
What is the hundreds digit of 2940?
9
What is the tens digit of 51191?
9
What is the thousands digit of 8372?
8
What is the ten thousands digit of 13322?
1
What is the tens digit of 802?
0
What is the thousands digit of 8847?
8
What is the units digit of 1068?
8
What is the hundreds digit of 1211?
2
What is the thousands digit of 7054?
7
What is the tens digit of 20099?
9
What is the tens digit of 13435?
3
What is the tens digit of 836?
3
What is the thousands digit of 3823?
3
What is the tens digit of 1536?
3
What is the hundreds digit of 57148?
1
What is the hundreds digit of 1668?
6
What is the tens digit of 594?
9
What is the thousands digit of 142113?
2
What is the thousands digit of 23986?
3
What is the units digit of 7177?
7
What is the tens digit of 479?
7
What is the thousands digit of 1345?
1
What is the units digit of 6242?
2
What is the units digit of 24901?
1
What is the units digit of 1499?
9
What is the tens digit of 814?
1
What is the tens digit of 16071?
7
What is the tens digit of 1488?
8
What is the tens digit of 61034?
3
What is the tens digit of 1332?
3
What is the units digit of 46145?
5
What is the units digit of 17957?
7
What is the hundreds digit of 21025?
0
What is the units digit of 17612?
2
What is the units digit of 4152?
2
What is the tens digit of 10195?
9
What is the units digit of 3310?
0
What is the hundreds digit of 46640?
6
What is the units digit of 9972?
2
What is the hundreds digit of 1009?
0
What is the thousands digit of 4743?
4
What is the units digit of 3566?
6
What is the units digit of 966?
6
What is the tens digit of 24106?
0
What is the hundreds digit of 20157?
1
What is the units digit of 5503?
3
What is the hundreds digit of 1557?
5
What is the ten thousands digit of 26768?
2
What is the units digit of 1653?
3
What is the tens digit of 1195?
9
What is the thousands digit of 3108?
3
What is the tens digit of 23578?
7
What is the units digit of 5246?
6
What is the units digit of 1073?
3
What is the hundreds digit of 554?
5
What is the thousands digit of 1118?
1
What is the tens digit of 4239?
3
What is the tens digit of 14427?
2
What is the hundreds digit of 4306?
3
What is the units digit of 12803?
3
What is the units digit of 12108?
8
What is the units digit of 1986?
6
What is the hundreds digit of 13867?
8
What is the hundreds digit of 10949?
9
What is the hundreds digit of 1842?
8
What is the hundreds digit of 34886?
8
What is the tens digit of 25604?
0
What is the tens digit of 1586?
8
What is the units digit of 33852?
2
What is the hundreds digit of 2084?
0
What is the hundreds digit of 47456?
4
What is the units digit of 27709?
9
What is the tens digit of 84131?
3
What is the units digit of 855?
5
What is the units digit of 708?
8
What is the tens digit of 7574?
7
What is the tens digit of 1193?
9
What is the tens digit of 1366?
6
What is the ten thousands digit of 57910?
5
What is the units digit of 61709?
9
What is the thousands digit of 11863?
1
What is the hundreds digit of 185?
1
What is the thousands digit of 1860?
1
What is the thousands digit of 1576?
1
What is the units digit of 20819?
9
What is the tens digit of 1980?
8
What is the units digit of 4822?
2
What is the tens digit of 993?
9
What is the hundreds digit of 1031?
0
What is the hundreds digit of 50577?
5
What is the thousands digit of 2876?
2
What is the ten thousands digit of 65704?
6
What is the hundreds digit of 7046?
0
What is the hundreds digit of 43996?
9
What is the units digit of 99026?
6
What is the tens digit of 376?
7
What is the tens digit of 2909?
0
What is the units digit of 9710?
0
What is the hundreds digit of 29277?
2
What is the hundreds digit of 9065?
0
What is the hundreds digit of 1142?
1
What is the ten thousands digit of 20764?
2
What is the thousands digit of 116423?
6
What is the tens digit of 1091?
9
What is the thousands digit of 6216?
6
What is the units digit of 4989?
9
What is the units digit of 272?
2
What is the hundreds digit of 364?
3
What is the units digit of 37315?
5
What is the hundreds digit of 1479?
4
What is the hundreds digit of 713?
7
What is the hundreds digit of 1725?
7
What is the tens digit of 12734?
3
What is the hundreds digit of 811?
8
What is the units digit of 1526?
6
What is the units digit of 950?
0
What is the tens digit of 95071?
7
What is the tens digit of 3460?
6
What is the hundreds digit of 7029?
0
What is the units digit of 160698?
8
What is the units digit of 3830?
0
What is the thousands digit of 73949?
3
What is the units digit of 1639?
9
What is the tens digit of 69?
6
What is the thousands digit of 3397?
3
What is the thousands digit of 120772?
0
What is the units digit of 2659?
9
What is the units digit of 19610?
0
What is the tens digit of 1501?
0
What is the units digit of 16247?
7
What is the hundreds digit of 5620?
6
What is the units digit of 6067?
7
What is the ten thousands digit of 136535?
3
What is the tens digit of 637?
3
What is the units digit of 1642?
2
What is the hundreds digit of 38538?
5
What is the hundreds digit of 2320?
3
What is the hundreds digit of 2558?
5
What is the hundreds digit of 71851?
8
What is the hundreds digit of 325?
3
What is the units digit of 5954?
4
What is the ten thousands digit of 52373?
5
What is the thousands digit of 60024?
0
What is the hundreds digit of 502?
5
What is the hundreds digit of 1381?
3
What is the thousands digit of 13040?
3
What is the thousands digit of 1629?
1
What is the hundreds digit of 1511?
5
What is the hundreds digit of 2094?
0
What is the units digit of 665?
5
What is the units digit of 89737?
7
What is the hundreds digit of 8598?
5
What is the tens di